{"id":18925,"date":"2026-04-14T12:50:10","date_gmt":"2026-04-14T16:50:10","guid":{"rendered":"https:\/\/ccna-ccnv.ca\/?post_type=ccna_publication&#038;p=18925"},"modified":"2026-04-14T12:50:10","modified_gmt":"2026-04-14T16:50:10","slug":"a-qualitative-study-to-create-a-framework-of-metis-understandings-of-brain-health-promotion-and-dementia-prevention-in-alberta-canada","status":"publish","type":"ccna_publication","link":"https:\/\/ccna-ccnv.ca\/fr\/ccna_publication\/a-qualitative-study-to-create-a-framework-of-metis-understandings-of-brain-health-promotion-and-dementia-prevention-in-alberta-canada\/","title":{"rendered":"A qualitative study to create a framework of M\u00e9tis understandings of brain health promotion and dementia prevention in Alberta, Canada"},"content":{"rendered":"<h2>Abstract:<\/h2>\n<p><strong>Background:\u00a0<\/strong>Indigenous populations experience a higher prevalence of dementia compared to non-Indigenous populations.\u00a0<i>Brain Health PRO<\/i>\u00a0is a web-based educational program designed to increase knowledge around dementia risk factors and help create lifestyle changes. The purpose of this study is to understand whether\u00a0<i>Brain Health PRO<\/i>\u00a0is relevant to M\u00e9tis communities in Alberta, Canada.<\/p>\n<p><strong>Methods:\u00a0<\/strong>M\u00e9tis participants were recruited across Alberta and interviews were completed using the M\u00e9tis visiting methodology (Keeoukaywin). Data were co-analysed using Indigenous approaches to reflexive thematic analysis.<\/p>\n<p><strong>Results:\u00a0<\/strong>Sixty-three interviews with 20 participants were completed between April and November 2024. The analysis generated two main themes which suggest the overall design and delivery of\u00a0<i>Brain Health PRO<\/i>\u00a0are not culturally relevant for M\u00e9tis people in Alberta. The first theme, \u201cPromoting M\u00e9tis knowledge systems\u201d was demonstrated through discussions of the seven components of\u00a0<i>Brain Health PRO<\/i>\u00a0(physical health, cognitive engagement, nutrition, sleep, social and psychological health, vascular health, and vision and hearing), and how these components excluded traditional M\u00e9tis knowledge. The second theme, \u201cHolistic approaches to risk reduction\u201d described the how M\u00e9tis knowledge could influence the way each component is presented and understood together in a M\u00e9tis worldview. The subthemes were: importance of interaction and balance of multiple components; benefits of in-person program delivery; brain health promotion across the lifespan; accessing resources; and the legacy of colonization.<\/p>\n<p><strong>Discussion:\u00a0<\/strong>Though the seven components of\u00a0<i>Brain Health PRO<\/i>\u00a0may be useful for M\u00e9tis people, the content and delivery of these components lacked M\u00e9tis knowledge and worldviews. In-person engagement with M\u00e9tis communities is a crucial next step to co-develop resources that are culturally appropriate.<\/p>\n<h2>Plain Language Summary:<\/h2>\n<p><strong>The question we studied:<\/strong> Indigenous populations experience a higher prevalence of dementia compared to non-Indigenous populations. It is important that educational programs about brain health such as Brain Health PRO are relevant to Indigenous communities. The research question we asked was: Is Brain Health PRO an appropriate education program about brain health for M\u00e9tis communities in Alberta?<\/p>\n<p><strong>How we studied it<\/strong>: M\u00e9tis participants who have experience with dementia were recruited across Alberta and participated in interviews related to brain health and Brain Health PRO. We asked several questions like \u201cHow does your culture understand dementia?\u201d, and \u201cHow does your culture support physical activity?\u201d. The researchers looked for common themes across the interviews.<\/p>\n<p><strong>What we found:<\/strong> Two main topics came up often across the interviews. One topic was the lack traditional M\u00e9tis knowledge in Brain Health PRO. For example, the Canada Food Guide is suggested in Brain Health PRO, but is not applicable to traditional M\u00e9tis foods. The other topic described holistic approaches to brain health. In other words, how the different parts of brain health can be understood together as a whole. For example, hunting and berry picking (traditional M\u00e9tis ways of getting food) involve both physical activity and being with family and community.<\/p>\n<p><strong>Why it matters:<\/strong> Though parts of health and brain health covered in Brain Health PRO may be useful for M\u00e9tis people, the content and delivery of these components lacked M\u00e9tis knowledge and worldviews. This tells us that Brain Health PRO is not culturally relevant for M\u00e9tis people in Alberta. We can take these findings to make resources that are culturally relevant for M\u00e9tis people in Alberta by including more traditional knowledge and cultural activities.<\/p>\n","protected":false},"author":14,"featured_media":0,"template":"","meta":{"_acf_changed":false},"studies-relation":[],"class_list":["post-18925","ccna_publication","type-ccna_publication","status-publish","hentry"],"acf":[],"yoast_head":"<!-- This site is optimized with the Yoast SEO plugin v25.8 - https:\/\/yoast.com\/wordpress\/plugins\/seo\/ -->\n<title>A qualitative study to create a framework of M\u00e9tis understandings of brain health promotion and dementia prevention in Alberta, Canada - CCNA - CCNV<\/title>\n<meta name=\"robots\" content=\"index, follow, max-snippet:-1, max-image-preview:large, max-video-preview:-1\" \/>\n<link rel=\"canonical\" href=\"https:\/\/ccna-ccnv.ca\/fr\/ccna_publication\/a-qualitative-study-to-create-a-framework-of-metis-understandings-of-brain-health-promotion-and-dementia-prevention-in-alberta-canada\/\" \/>\n<meta property=\"og:locale\" content=\"fr_CA\" \/>\n<meta property=\"og:type\" content=\"article\" \/>\n<meta property=\"og:title\" content=\"A qualitative study to create a framework of M\u00e9tis understandings of brain health promotion and dementia prevention in Alberta, Canada - CCNA - CCNV\" \/>\n<meta property=\"og:description\" content=\"Abstract: Background:\u00a0Indigenous populations experience a higher prevalence of dementia compared ...\" \/>\n<meta property=\"og:url\" content=\"https:\/\/ccna-ccnv.ca\/fr\/ccna_publication\/a-qualitative-study-to-create-a-framework-of-metis-understandings-of-brain-health-promotion-and-dementia-prevention-in-alberta-canada\/\" \/>\n<meta property=\"og:site_name\" content=\"CCNA - CCNV\" \/>\n<meta property=\"og:image\" content=\"https:\/\/ccna-ccnv.ca\/wp-content\/uploads\/2025\/01\/CCNA.jpg\" \/>\n\t<meta property=\"og:image:width\" content=\"1200\" \/>\n\t<meta property=\"og:image:height\" content=\"675\" \/>\n\t<meta property=\"og:image:type\" content=\"image\/jpeg\" \/>\n<meta name=\"twitter:card\" content=\"summary_large_image\" \/>\n<script type=\"application\/ld+json\" class=\"yoast-schema-graph\">{\"@context\":\"https:\/\/schema.org\",\"@graph\":[{\"@type\":\"WebPage\",\"@id\":\"https:\/\/ccna-ccnv.ca\/fr\/ccna_publication\/a-qualitative-study-to-create-a-framework-of-metis-understandings-of-brain-health-promotion-and-dementia-prevention-in-alberta-canada\/\",\"url\":\"https:\/\/ccna-ccnv.ca\/fr\/ccna_publication\/a-qualitative-study-to-create-a-framework-of-metis-understandings-of-brain-health-promotion-and-dementia-prevention-in-alberta-canada\/\",\"name\":\"A qualitative study to create a framework of M\u00e9tis understandings of brain health promotion and dementia prevention in Alberta, Canada - CCNA - CCNV\",\"isPartOf\":{\"@id\":\"https:\/\/ccna-ccnv.ca\/fr\/#website\"},\"datePublished\":\"2026-04-14T16:50:10+00:00\",\"breadcrumb\":{\"@id\":\"https:\/\/ccna-ccnv.ca\/fr\/ccna_publication\/a-qualitative-study-to-create-a-framework-of-metis-understandings-of-brain-health-promotion-and-dementia-prevention-in-alberta-canada\/#breadcrumb\"},\"inLanguage\":\"fr-CA\",\"potentialAction\":[{\"@type\":\"ReadAction\",\"target\":[\"https:\/\/ccna-ccnv.ca\/fr\/ccna_publication\/a-qualitative-study-to-create-a-framework-of-metis-understandings-of-brain-health-promotion-and-dementia-prevention-in-alberta-canada\/\"]}]},{\"@type\":\"BreadcrumbList\",\"@id\":\"https:\/\/ccna-ccnv.ca\/fr\/ccna_publication\/a-qualitative-study-to-create-a-framework-of-metis-understandings-of-brain-health-promotion-and-dementia-prevention-in-alberta-canada\/#breadcrumb\",\"itemListElement\":[{\"@type\":\"ListItem\",\"position\":1,\"name\":\"Home\",\"item\":\"https:\/\/ccna-ccnv.ca\/fr\/\"},{\"@type\":\"ListItem\",\"position\":2,\"name\":\"A qualitative study to create a framework of M\u00e9tis understandings of brain health promotion and dementia prevention in Alberta, Canada\"}]},{\"@type\":\"WebSite\",\"@id\":\"https:\/\/ccna-ccnv.ca\/fr\/#website\",\"url\":\"https:\/\/ccna-ccnv.ca\/fr\/\",\"name\":\"Canadian Consortium on Neurodegeneration in Aging\",\"description\":\"\",\"publisher\":{\"@id\":\"https:\/\/ccna-ccnv.ca\/fr\/#organization\"},\"alternateName\":\"CCNA - CCNV\",\"potentialAction\":[{\"@type\":\"SearchAction\",\"target\":{\"@type\":\"EntryPoint\",\"urlTemplate\":\"https:\/\/ccna-ccnv.ca\/fr\/?s={search_term_string}\"},\"query-input\":{\"@type\":\"PropertyValueSpecification\",\"valueRequired\":true,\"valueName\":\"search_term_string\"}}],\"inLanguage\":\"fr-CA\"},{\"@type\":\"Organization\",\"@id\":\"https:\/\/ccna-ccnv.ca\/fr\/#organization\",\"name\":\"Canadian Consortium on Neurodegeneration in Aging\",\"alternateName\":\"CCNA - CCNV\",\"url\":\"https:\/\/ccna-ccnv.ca\/fr\/\",\"logo\":{\"@type\":\"ImageObject\",\"inLanguage\":\"fr-CA\",\"@id\":\"https:\/\/ccna-ccnv.ca\/fr\/#\/schema\/logo\/image\/\",\"url\":\"https:\/\/ccna-ccnv.ca\/wp-content\/uploads\/2025\/01\/ccna-logo-on-white-background.jpg\",\"contentUrl\":\"https:\/\/ccna-ccnv.ca\/wp-content\/uploads\/2025\/01\/ccna-logo-on-white-background.jpg\",\"width\":696,\"height\":696,\"caption\":\"Canadian Consortium on Neurodegeneration in Aging\"},\"image\":{\"@id\":\"https:\/\/ccna-ccnv.ca\/fr\/#\/schema\/logo\/image\/\"}}]}<\/script>\n<!-- \/ Yoast SEO plugin. -->","yoast_head_json":{"title":"A qualitative study to create a framework of M\u00e9tis understandings of brain health promotion and dementia prevention in Alberta, Canada - CCNA - CCNV","robots":{"index":"index","follow":"follow","max-snippet":"max-snippet:-1","max-image-preview":"max-image-preview:large","max-video-preview":"max-video-preview:-1"},"canonical":"https:\/\/ccna-ccnv.ca\/fr\/ccna_publication\/a-qualitative-study-to-create-a-framework-of-metis-understandings-of-brain-health-promotion-and-dementia-prevention-in-alberta-canada\/","og_locale":"fr_CA","og_type":"article","og_title":"A qualitative study to create a framework of M\u00e9tis understandings of brain health promotion and dementia prevention in Alberta, Canada - CCNA - CCNV","og_description":"Abstract: Background:\u00a0Indigenous populations experience a higher prevalence of dementia compared ...","og_url":"https:\/\/ccna-ccnv.ca\/fr\/ccna_publication\/a-qualitative-study-to-create-a-framework-of-metis-understandings-of-brain-health-promotion-and-dementia-prevention-in-alberta-canada\/","og_site_name":"CCNA - CCNV","og_image":[{"width":1200,"height":675,"url":"https:\/\/ccna-ccnv.ca\/wp-content\/uploads\/2025\/01\/CCNA.jpg","type":"image\/jpeg"}],"twitter_card":"summary_large_image","schema":{"@context":"https:\/\/schema.org","@graph":[{"@type":"WebPage","@id":"https:\/\/ccna-ccnv.ca\/fr\/ccna_publication\/a-qualitative-study-to-create-a-framework-of-metis-understandings-of-brain-health-promotion-and-dementia-prevention-in-alberta-canada\/","url":"https:\/\/ccna-ccnv.ca\/fr\/ccna_publication\/a-qualitative-study-to-create-a-framework-of-metis-understandings-of-brain-health-promotion-and-dementia-prevention-in-alberta-canada\/","name":"A qualitative study to create a framework of M\u00e9tis understandings of brain health promotion and dementia prevention in Alberta, Canada - CCNA - CCNV","isPartOf":{"@id":"https:\/\/ccna-ccnv.ca\/fr\/#website"},"datePublished":"2026-04-14T16:50:10+00:00","breadcrumb":{"@id":"https:\/\/ccna-ccnv.ca\/fr\/ccna_publication\/a-qualitative-study-to-create-a-framework-of-metis-understandings-of-brain-health-promotion-and-dementia-prevention-in-alberta-canada\/#breadcrumb"},"inLanguage":"fr-CA","potentialAction":[{"@type":"ReadAction","target":["https:\/\/ccna-ccnv.ca\/fr\/ccna_publication\/a-qualitative-study-to-create-a-framework-of-metis-understandings-of-brain-health-promotion-and-dementia-prevention-in-alberta-canada\/"]}]},{"@type":"BreadcrumbList","@id":"https:\/\/ccna-ccnv.ca\/fr\/ccna_publication\/a-qualitative-study-to-create-a-framework-of-metis-understandings-of-brain-health-promotion-and-dementia-prevention-in-alberta-canada\/#breadcrumb","itemListElement":[{"@type":"ListItem","position":1,"name":"Home","item":"https:\/\/ccna-ccnv.ca\/fr\/"},{"@type":"ListItem","position":2,"name":"A qualitative study to create a framework of M\u00e9tis understandings of brain health promotion and dementia prevention in Alberta, Canada"}]},{"@type":"WebSite","@id":"https:\/\/ccna-ccnv.ca\/fr\/#website","url":"https:\/\/ccna-ccnv.ca\/fr\/","name":"Canadian Consortium on Neurodegeneration in Aging","description":"","publisher":{"@id":"https:\/\/ccna-ccnv.ca\/fr\/#organization"},"alternateName":"CCNA - CCNV","potentialAction":[{"@type":"SearchAction","target":{"@type":"EntryPoint","urlTemplate":"https:\/\/ccna-ccnv.ca\/fr\/?s={search_term_string}"},"query-input":{"@type":"PropertyValueSpecification","valueRequired":true,"valueName":"search_term_string"}}],"inLanguage":"fr-CA"},{"@type":"Organization","@id":"https:\/\/ccna-ccnv.ca\/fr\/#organization","name":"Canadian Consortium on Neurodegeneration in Aging","alternateName":"CCNA - CCNV","url":"https:\/\/ccna-ccnv.ca\/fr\/","logo":{"@type":"ImageObject","inLanguage":"fr-CA","@id":"https:\/\/ccna-ccnv.ca\/fr\/#\/schema\/logo\/image\/","url":"https:\/\/ccna-ccnv.ca\/wp-content\/uploads\/2025\/01\/ccna-logo-on-white-background.jpg","contentUrl":"https:\/\/ccna-ccnv.ca\/wp-content\/uploads\/2025\/01\/ccna-logo-on-white-background.jpg","width":696,"height":696,"caption":"Canadian Consortium on Neurodegeneration in Aging"},"image":{"@id":"https:\/\/ccna-ccnv.ca\/fr\/#\/schema\/logo\/image\/"}}]}},"_links":{"self":[{"href":"https:\/\/ccna-ccnv.ca\/fr\/wp-json\/wp\/v2\/ccna_publication\/18925","targetHints":{"allow":["GET"]}}],"collection":[{"href":"https:\/\/ccna-ccnv.ca\/fr\/wp-json\/wp\/v2\/ccna_publication"}],"about":[{"href":"https:\/\/ccna-ccnv.ca\/fr\/wp-json\/wp\/v2\/types\/ccna_publication"}],"author":[{"embeddable":true,"href":"https:\/\/ccna-ccnv.ca\/fr\/wp-json\/wp\/v2\/users\/14"}],"wp:attachment":[{"href":"https:\/\/ccna-ccnv.ca\/fr\/wp-json\/wp\/v2\/media?parent=18925"}],"wp:term":[{"taxonomy":"studies-relation","embeddable":true,"href":"https:\/\/ccna-ccnv.ca\/fr\/wp-json\/wp\/v2\/studies-relation?post=18925"}],"curies":[{"name":"wp","href":"https:\/\/api.w.org\/{rel}","templated":true}]}}

A qualitative study to create a framework of Métis understandings of brain health promotion and dementia prevention in Alberta, Canada

<h2>Abstract:</h2>
<p><strong>Background: </strong>Indigenous populations experience a higher prevalence of dementia compared to non-Indigenous populations. <i>Brain Health PRO</i> is a web-based educational program designed to increase knowledge around dementia risk factors and help create lifestyle changes. The purpose of this study is to understand whether <i>Brain Health PRO</i> is relevant to Métis communities in Alberta, Canada.</p>
<p><strong>Methods: </strong>Métis participants were recruited across Alberta and interviews were completed using the Métis visiting methodology (Keeoukaywin). Data were co-analysed using Indigenous approaches to reflexive thematic analysis.</p>
<p><strong>Results: </strong>Sixty-three interviews with 20 participants were completed between April and November 2024. The analysis generated two main themes which suggest the overall design and delivery of <i>Brain Health PRO</i> are not culturally relevant for Métis people in Alberta. The first theme, “Promoting Métis knowledge systems” was demonstrated through discussions of the seven components of <i>Brain Health PRO</i> (physical health, cognitive engagement, nutrition, sleep, social and psychological health, vascular health, and vision and hearing), and how these components excluded traditional Métis knowledge. The second theme, “Holistic approaches to risk reduction” described the how Métis knowledge could influence the way each component is presented and understood together in a Métis worldview. The subthemes were: importance of interaction and balance of multiple components; benefits of in-person program delivery; brain health promotion across the lifespan; accessing resources; and the legacy of colonization.</p>
<p><strong>Discussion: </strong>Though the seven components of <i>Brain Health PRO</i> may be useful for Métis people, the content and delivery of these components lacked Métis knowledge and worldviews. In-person engagement with Métis communities is a crucial next step to co-develop resources that are culturally appropriate.</p>
<h2>Plain Language Summary:</h2>
<p><strong>The question we studied:</strong> Indigenous populations experience a higher prevalence of dementia compared to non-Indigenous populations. It is important that educational programs about brain health such as Brain Health PRO are relevant to Indigenous communities. The research question we asked was: Is Brain Health PRO an appropriate education program about brain health for Métis communities in Alberta?</p>
<p><strong>How we studied it</strong>: Métis participants who have experience with dementia were recruited across Alberta and participated in interviews related to brain health and Brain Health PRO. We asked several questions like “How does your culture understand dementia?”, and “How does your culture support physical activity?”. The researchers looked for common themes across the interviews.</p>
<p><strong>What we found:</strong> Two main topics came up often across the interviews. One topic was the lack traditional Métis knowledge in Brain Health PRO. For example, the Canada Food Guide is suggested in Brain Health PRO, but is not applicable to traditional Métis foods. The other topic described holistic approaches to brain health. In other words, how the different parts of brain health can be understood together as a whole. For example, hunting and berry picking (traditional Métis ways of getting food) involve both physical activity and being with family and community.</p>
<p><strong>Why it matters:</strong> Though parts of health and brain health covered in Brain Health PRO may be useful for Métis people, the content and delivery of these components lacked Métis knowledge and worldviews. This tells us that Brain Health PRO is not culturally relevant for Métis people in Alberta. We can take these findings to make resources that are culturally relevant for Métis people in Alberta by including more traditional knowledge and cultural activities.</p>

<!-- This site is optimized with the Yoast SEO plugin v25.8 - https://yoast.com/wordpress/plugins/seo/ -->
<title>A qualitative study to create a framework of Métis understandings of brain health promotion and dementia prevention in Alberta, Canada - CCNA - CCNV</title>
<meta name="robots" content="index, follow, max-snippet:-1, max-image-preview:large, max-video-preview:-1" />
<link rel="canonical" href="https://ccna-ccnv.ca/fr/ccna_publication/a-qualitative-study-to-create-a-framework-of-metis-understandings-of-brain-health-promotion-and-dementia-prevention-in-alberta-canada/" />
<meta property="og:locale" content="fr_CA" />
<meta property="og:type" content="article" />
<meta property="og:title" content="A qualitative study to create a framework of Métis understandings of brain health promotion and dementia prevention in Alberta, Canada - CCNA - CCNV" />
<meta property="og:description" content="Abstract: Background: Indigenous populations experience a higher prevalence of dementia compared ..." />
<meta property="og:url" content="https://ccna-ccnv.ca/fr/ccna_publication/a-qualitative-study-to-create-a-framework-of-metis-understandings-of-brain-health-promotion-and-dementia-prevention-in-alberta-canada/" />
<meta property="og:site_name" content="CCNA - CCNV" />
<meta property="og:image" content="https://ccna-ccnv.ca/wp-content/uploads/2025/01/CCNA.jpg" />
	<meta property="og:image:width" content="1200" />
	<meta property="og:image:height" content="675" />
	<meta property="og:image:type" content="image/jpeg" />
<meta name="twitter:card" content="summary_large_image" />
<script type="application/ld+json" class="yoast-schema-graph">{"@context":"https://schema.org","@graph":[{"@type":"WebPage","@id":"https://ccna-ccnv.ca/fr/ccna_publication/a-qualitative-study-to-create-a-framework-of-metis-understandings-of-brain-health-promotion-and-dementia-prevention-in-alberta-canada/","url":"https://ccna-ccnv.ca/fr/ccna_publication/a-qualitative-study-to-create-a-framework-of-metis-understandings-of-brain-health-promotion-and-dementia-prevention-in-alberta-canada/","name":"A qualitative study to create a framework of Métis understandings of brain health promotion and dementia prevention in Alberta, Canada - CCNA - CCNV","isPartOf":{"@id":"https://ccna-ccnv.ca/fr/#website"},"datePublished":"2026-04-14T16:50:10+00:00","breadcrumb":{"@id":"https://ccna-ccnv.ca/fr/ccna_publication/a-qualitative-study-to-create-a-framework-of-metis-understandings-of-brain-health-promotion-and-dementia-prevention-in-alberta-canada/#breadcrumb"},"inLanguage":"fr-CA","potentialAction":[{"@type":"ReadAction","target":["https://ccna-ccnv.ca/fr/ccna_publication/a-qualitative-study-to-create-a-framework-of-metis-understandings-of-brain-health-promotion-and-dementia-prevention-in-alberta-canada/"]}]},{"@type":"BreadcrumbList","@id":"https://ccna-ccnv.ca/fr/ccna_publication/a-qualitative-study-to-create-a-framework-of-metis-understandings-of-brain-health-promotion-and-dementia-prevention-in-alberta-canada/#breadcrumb","itemListElement":[{"@type":"ListItem","position":1,"name":"Home","item":"https://ccna-ccnv.ca/fr/"},{"@type":"ListItem","position":2,"name":"A qualitative study to create a framework of Métis understandings of brain health promotion and dementia prevention in Alberta, Canada"}]},{"@type":"WebSite","@id":"https://ccna-ccnv.ca/fr/#website","url":"https://ccna-ccnv.ca/fr/","name":"Canadian Consortium on Neurodegeneration in Aging","description":"","publisher":{"@id":"https://ccna-ccnv.ca/fr/#organization"},"alternateName":"CCNA - CCNV","potentialAction":[{"@type":"SearchAction","target":{"@type":"EntryPoint","urlTemplate":"https://ccna-ccnv.ca/fr/?s={search_term_string}"},"query-input":{"@type":"PropertyValueSpecification","valueRequired":true,"valueName":"search_term_string"}}],"inLanguage":"fr-CA"},{"@type":"Organization","@id":"https://ccna-ccnv.ca/fr/#organization","name":"Canadian Consortium on Neurodegeneration in Aging","alternateName":"CCNA - CCNV","url":"https://ccna-ccnv.ca/fr/","logo":{"@type":"ImageObject","inLanguage":"fr-CA","@id":"https://ccna-ccnv.ca/fr/#/schema/logo/image/","url":"https://ccna-ccnv.ca/wp-content/uploads/2025/01/ccna-logo-on-white-background.jpg","contentUrl":"https://ccna-ccnv.ca/wp-content/uploads/2025/01/ccna-logo-on-white-background.jpg","width":696,"height":696,"caption":"Canadian Consortium on Neurodegeneration in Aging"},"image":{"@id":"https://ccna-ccnv.ca/fr/#/schema/logo/image/"}}]}</script>
<!-- / Yoast SEO plugin. -->

A qualitative study to create a framework of Métis understandings of brain health promotion and dementia prevention in Alberta, Canada - CCNA - CCNV
